 70.
10
What is the greatest common divisor of 340719 and 24041?
829
Calculate the highest common divisor of 246 and 30684933.
123
What is the greatest common divisor of 57648 and 46?
2
What is the greatest common divisor of 77983446 and 4206?
4206
Calculate the greatest common divisor of 42944 and 129536.
704
Calculate the greatest common divisor of 1337777 and 112169.
223
Calculate the greatest common factor of 3703 and 226297.
23
What is the greatest common factor of 28947601 and 3?
1
Calculate the greatest common factor of 12839 and 24957281.
347
Calculate the greatest common factor of 169635470 and 2.
2
What is the highest common factor of 2717808 and 15744?
1968
What is the highest common factor of 4291259 and 35?
7
What is the greatest common divisor of 1274 and 7295561?
637
What is the highest common factor of 7719345 and 75?
15
Calculate the greatest common factor of 827200476 and 54.
18
Calculate the greatest common divisor of 18432 and 118840.
8
What is the greatest common factor of 26007740 and 179080?
2420
What is the highest common divisor of 106526467 and 679?
97
Calculate the greatest common divisor of 1056 and 184404.
132
Calculate the highest common divisor of 390 and 3515148.
78
What is the highest common factor of 15254 and 1016758?
526
Calculate the highest common factor of 929094 and 102.
6
Calculate the greatest common factor of 8509272 and 1000.
8
What is the highest common factor of 10201356 and 33418?
682
Calculate the greatest common divisor of 121656 and 1059384.
888
What is the greatest common factor of 67 and 57367611?
67
What is the highest common factor of 166 and 26602?
2
What is the greatest common divisor of 472810 and 36205?
65
What is the highest common factor of 645620 and 45980?
380
What is the greatest common divisor of 41845104 and 63?
63
Calculate the greatest common divisor of 1095 and 245580.
15
Calculate the greatest common divisor of 1 and 7632533.
1
What is the greatest common factor of 49808 and 378?
2
Calculate the highest common divisor of 221 and 21804081.
221
What is the highest common factor of 437 and 119285268?
437
Calculate the highest common factor of 822 and 4570386.
6
What is the highest common divisor of 2951282 and 30178?
158
Calculate the greatest common factor of 276090165 and 6435.
585
What is the highest common divisor of 102505 and 828672?
1079
Calculate the highest common factor of 27117 and 319247.
131
Calculate the highest common factor of 1770 and 7238769.
177
What is the greatest common divisor of 2598252 and 38622?
246
What is the greatest common factor of 234 and 1068054?
78
Calculate the greatest common divisor of 4245 and 760845.
15
What is the greatest common factor of 27174 and 475034?
14
Calculate the greatest common divisor of 53229 and 17853.
33
What is the highest common factor of 388335027 and 203?
29
Calculate the highest common factor of 257 and 57366769.
257
Calculate the highest common divisor of 21 and 39316942.
7
What is the highest common divisor of 42844500 and 1500?
1500
What is the greatest common divisor of 13213376 and 1408?
704
Calculate the highest common divisor of 100521 and 1069742.
1241
Calculate the highest common factor of 104 and 1195852.
4
What is the highest common factor of 529920 and 1326720?
1920
Calculate the greatest common divisor of 140213 and 290501.
31
What is the highest common divisor of 62894 and 51742?
82
Calculate the greatest common factor of 1386130 and 6305.
485
What is the greatest common factor of 4452075 and 4935?
705
What is the greatest common factor of 13806 and 1157169?
39
What is the greatest common divisor of 61 and 133204541?
61
What is the highest common divisor of 608630 and 550?
110
What is the highest common divisor of 7968909 and 15?
3
Calculate the highest common factor of 1086368211 and 9546.
4773
Calculate the highest common divisor of 15246 and 901593.
693
Calculate the greatest common factor of 111531804 and 24.
12
Calculate the highest common factor of 94984175 and 286.
143
Calculate the highest common divisor of 2130104 and 22052.
596
What is the highest common factor of 3110573 and 488?
61
Calculate the greatest common divisor of 54 and 36356877.
27
Calculate the greatest common factor of 9376776 and 162.
54
Calculate the highest common divisor of 263138 and 4387.
41
Calculate the greatest common factor of 91 and 7862855.
91
What is the highest common factor of 615 and 149629623?
123
Calculate the greatest common factor of 2575 and 331600.
25
What is the greatest common factor of 1525 and 18452744?
61
What is the highest common factor of 7345120 and 60?
20
What is the greatest common factor of 3477639 and 2607?
33
Calculate the highest common factor of 52 and 59942402.
26
Calculate the highest common divisor of 108751700 and 200.
100
Calculate the highest common factor of 14078069 and 6099.
19
Calculate the highest common factor of 442 and 16582.
2
Calculate the highest common factor of 314139 and 9849.
147
What is the highest common divisor of 1239679 and 310028?
433
Calculate the greatest common factor of 930 and 37330110.
30
Calculate the highest common divisor of 22032156 and 19260.
1284
Calculate the highest common factor of 550882 and 19186.
106
What is the greatest common factor of 287709102 and 2973?
2973
Calculate the greatest common divisor of 2880 and 21092032.
64
What is the highest common factor of 2979 and 4878609?
993
Calculate the greatest common factor of 2853518 and 328.
82
Calculate the greatest common factor of 1456 and 5794.
2
Calculate the greatest common factor of 5248 and 54022256.
656
What is the highest common factor of 175 and 2937361?
7
What is the highest common factor of 151843530 and 948?
474
Calculate the greatest common divisor of 1064790 and 6390.
90
What is the highest common divisor of 68075 and 35385?
35
What is the greatest common divisor of 300 and 8249400?
300
Calculate the greatest common divisor of 14947037 and 2133.
79
What is the highest common divisor of 6728018 and 44?
22
Calculate the highest common divisor of 66 and 49337322.
6
What is the greatest common divisor of 5236 and 33338921?
1309
What is the highest common divisor of 553474 and 22244050?
7006
What is the highest common divisor of 56740546 and 114455?
2081
Calculate the highest common factor of 13100 and 5591080.
2620
What is the highest common factor of 125226 and 3329262?
162
Calculate the highest common factor of 2015039 and 221.
13
What is the greatest common divisor of 924768 and 11313198?
3042
What is the highest common divisor of 7578333 and 945?
189
What is the highest common divisor of 54 and 1363115682?
54
Calculate the greatest common divisor of 17420 and 8409572.
268
What is the highest common divisor of 146976 and 214318566?
9186
What is the greatest common factor of 19775578 and 298?
298
Calculate the greatest common divisor of 89723 and 1925261.
1081
Calculate the greatest common divisor of 25711259 and 17.
17
What is the greatest common factor of 1184808 and 600?
24
Calculate the greatest common factor of 482602900 and 300.
100
What is the greatest common factor of 280 and 9702728?
56
Calculate the greatest common factor of 8080 and 728614.
202
What is the greatest common factor of 55327525 and 950?
475
Calculate the highest common factor of 1889461 and 14.
7
Calculate the greatest common factor of 2700 and 14290596.
36
What is the greatest common factor of 252 and 11052?
36
What is the highest common divisor of 1696507 and 43081?
67
Calculate the greatest common factor of 20 and 483145120.
20
Calculate the highest common divisor of 729 and 90030204.
81
Calculate the greatest common factor of 273875 and 35000.
875
Calculate the highest common divisor of 6751996 and 52.
4
What is the highest common divisor of 5465 and 45601053?
1093
Calculate the greatest common factor of 28 and 110381236.
28
Calculate the highest common factor of 235 and 22830485.
235
What is the greatest common factor of 9639 and 18852813?
1071
What is the highest common factor of 14710128 and 60?
12
Calculate the greatest common factor of 40320748 and 52.
52
Calculate the greatest common factor of 83283 and 10763103.
4899
What is the highest common divisor of 2600 and 95800?
200
What is the greatest common